{"id":1363,"date":"2022-10-31T15:44:55","date_gmt":"2022-10-31T13:44:55","guid":{"rendered":"https:\/\/lacremaillere-taninges.fr\/?page_id=1363"},"modified":"2025-10-01T15:02:33","modified_gmt":"2025-10-01T13:02:33","slug":"a-propos-2","status":"publish","type":"page","link":"https:\/\/lacremaillere-taninges.fr\/?page_id=1363","title":{"rendered":"a propos"},"content":{"rendered":"<section class=\"wpb-content-wrapper\"><p>[vc_row undefined=\u00a0\u00bb0.5&Prime;][vc_column][vc_empty_space height=\u00a0\u00bb30px\u00a0\u00bb][vc_custom_heading text=\u00a0\u00bbRestaurant La Cr\u00e9maill\u00e8re, Taninges\u00a0\u00bb font_container=\u00a0\u00bbtag:h2|font_size:30|text_align:center\u00a0\u00bb][vc_custom_heading text=\u00a0\u00bbDans un cadre idylique, au bord du lac de Fl\u00e9rier et au pied du Marcelly\u00a0\u00bb font_container=\u00a0\u00bbtag:h2|font_size:28|text_align:center\u00a0\u00bb google_fonts=\u00a0\u00bbfont_family:Dancing%20Script%3Aregular%2C700|font_style:400%20regular%3A400%3Anormal\u00a0\u00bb][vc_column_text css=\u00a0\u00bb.vc_custom_1664788206284{margin-top: -15px !important;}\u00a0\u00bb]<\/p>\n<p style=\"text-align: center;\">Entre lac et montagne, dans un \u00e9crin de verdure, la Cr\u00e9maill\u00e8re vous accueille toute l\u2019ann\u00e9e pour vous faire d\u00e9couvrir une cuisine moderne, \u00e9clectique, travaill\u00e9e avec passion au travers de produits frais, saisonniers, locaux et originaux.<\/p>\n<p>[\/vc_column_text][vc_single_image image=\u00a0\u00bb1337&Prime; img_size=\u00a0\u00bb100&#215;40&Prime; alignment=\u00a0\u00bbcenter\u00a0\u00bb css_animation=\u00a0\u00bbbounceInRight\u00a0\u00bb][vc_custom_heading text=\u00a0\u00bbAu fil des saisons et des arrivages, d\u00e9gustez nos diff\u00e9rents mets :\u00a0\u00bb font_container=\u00a0\u00bbtag:h2|font_size:28|text_align:center\u00a0\u00bb google_fonts=\u00a0\u00bbfont_family:Dancing%20Script%3Aregular%2C700|font_style:400%20regular%3A400%3Anormal\u00a0\u00bb css=\u00a0\u00bb.vc_custom_1664788257986{margin-top: 30px !important;}\u00a0\u00bb][vc_column_text]<\/p>\n<ul class=\"list\">\n<li style=\"text-align: center;\">\u00a0Poissons p\u00e9ch\u00e9s entre lac Fl\u00e9rier et\u00a0L\u00e9man<\/li>\n<li style=\"text-align: center;\">Veau ou Boeuf \u00e9lev\u00e9s \u00e0 la ferme du Praz-de-Lys<\/li>\n<li style=\"text-align: center;\">Lapin de la ferme de Fl\u00e9rier<\/li>\n<li style=\"text-align: center;\">Fromage du Praz-de-Lys<\/li>\n<li style=\"text-align: center;\">Viandes originales s\u00e9lectionn\u00e9es scrupuleusement par le Chef \u00e0 travers le monde pour une tendresse et des saveurs uniques<\/li>\n<li style=\"text-align: center;\">Charcuteries, Fromages et petites surprises en provenance directe d\u2019Italie \u00e0 retrouver dans nos antipastis pour une d\u00e9couverte en toute convivialit\u00e9<strong><br \/>\n<\/strong><\/li>\n<\/ul>\n<p>[\/vc_column_text][vc_column_text]<\/p>\n<p style=\"text-align: center;\">Pour terminer votre repas par une note de douceur, nos desserts p\u00e2tissiers<br \/>\nenti\u00e8rement faits maison sauront vous apporter l\u00e9g\u00e8ret\u00e9 et gourmandise.<\/p>\n<p style=\"text-align: center;\">Notre cave franco-italienne est compos\u00e9e de vins aux prix abordables<br \/>\nqui accompagneront votre repas afin de vous garantir un moment d\u2019accord parfait.<\/p>\n<p>[\/vc_column_text][vc_single_image image=\u00a0\u00bb1337&Prime; img_size=\u00a0\u00bb100&#215;40&Prime; alignment=\u00a0\u00bbcenter\u00a0\u00bb css_animation=\u00a0\u00bbbounceInRight\u00a0\u00bb][vc_custom_heading text=\u00a0\u00bbNous organisons pour vous avec la cr\u00e9ation d\u2019un menu sur mesure, vos anniversaires, mariages, r\u00e9union de famille.. Nous sommes \u00e0 l\u2019\u00e9coute pour vous rendre le moment parfait.\u00a0\u00bb font_container=\u00a0\u00bbtag:h2|font_size:26|text_align:center\u00a0\u00bb google_fonts=\u00a0\u00bbfont_family:Dancing%20Script%3Aregular%2C700|font_style:400%20regular%3A400%3Anormal\u00a0\u00bb][vc_images_carousel images=\u00a0\u00bb1644,1643,1656,1634,1647,1657,1635,1636,1659,1637,1654,1638,1639,1658,1640,1641,1663,1642,1645,1646,1660,1661,1662&Prime; img_size=\u00a0\u00bb\u00a0\u00bb slides_per_view=\u00a0\u00bb4&Prime; autoplay=\u00a0\u00bbyes\u00a0\u00bb hide_pagination_control=\u00a0\u00bbyes\u00a0\u00bb hide_prev_next_buttons=\u00a0\u00bbyes\u00a0\u00bb wrap=\u00a0\u00bbyes\u00a0\u00bb css=\u00a0\u00bb.vc_custom_1737922150938{margin-top: 40px !important;margin-bottom: 40px !important;}\u00a0\u00bb][vc_separator el_width=\u00a0\u00bb20&Prime;][vc_row_inner][vc_column_inner width=\u00a0\u00bb1\/2&Prime;][vc_column_text]<\/p>\n<p style=\"text-align: center;\"><strong>Ouvert du mardi au dimanche midi<\/strong><br \/>\n12h-14h | 19h-21h<br \/>\nFerm\u00e9 le lundi et le mercredi<\/p>\n<p>[\/vc_column_text][\/vc_column_inner][vc_column_inner width=\u00a0\u00bb1\/2&Prime;][vc_column_text]<\/p>\n<p style=\"text-align: center;\">223, route du Lac de Fl\u00e9rier, Taninges<br \/>\n+33(0)9 83 23 23 58<br \/>\n<a href=\"mailto:degeiter.joane@gmail.com\">degeiter.joane@gmail.com<\/a><\/p>\n<p>[\/vc_column_text][\/vc_column_inner][\/vc_row_inner][\/vc_column][\/vc_row][vc_column width=\u00a0\u00bb2\/3&Prime;][\/vc_column][vc_column_inner width=\u00a0\u00bb1\/3&Prime;][\/vc_column_inner][vc_column_inner width=\u00a0\u00bb2\/3&Prime;][\/vc_column_inner]<\/p>\n<\/section>","protected":false},"excerpt":{"rendered":"<p>&#8230;<\/p>\n","protected":false},"author":1,"featured_media":152,"parent":0,"menu_order":0,"comment_status":"closed","ping_status":"closed","template":"","meta":{"footnotes":""},"class_list":["post-1363","page","type-page","status-publish","has-post-thumbnail","hentry"],"yoast_head":"<!-- This site is optimized with the Yoast SEO plugin v27.2 - https:\/\/yoast.com\/product\/yoast-seo-wordpress\/ -->\n<title>a propos - LaCremaillereTaninges<\/title>\n<meta name=\"robots\" content=\"index, follow, max-snippet:-1, max-image-preview:large, max-video-preview:-1\" \/>\n<link rel=\"canonical\" href=\"https:\/\/lacremaillere-taninges.fr\/?page_id=1363\" \/>\n<meta property=\"og:locale\" content=\"fr_FR\" \/>\n<meta property=\"og:type\" content=\"article\" \/>\n<meta property=\"og:title\" content=\"a propos - LaCremaillereTaninges\" \/>\n<meta property=\"og:description\" content=\"...\" \/>\n<meta property=\"og:url\" content=\"https:\/\/lacremaillere-taninges.fr\/?page_id=1363\" \/>\n<meta property=\"og:site_name\" content=\"LaCremaillereTaninges\" \/>\n<meta property=\"article:modified_time\" content=\"2025-10-01T13:02:33+00:00\" \/>\n<meta property=\"og:image\" content=\"https:\/\/lacremaillere-taninges.fr\/wp-content\/uploads\/2017\/06\/visu_page_reservation_restaurant_laCremaillere_taninges-01-01.jpg\" \/>\n\t<meta property=\"og:image:width\" content=\"3000\" \/>\n\t<meta property=\"og:image:height\" content=\"1875\" \/>\n\t<meta property=\"og:image:type\" content=\"image\/jpeg\" \/>\n<meta name=\"twitter:card\" content=\"summary_large_image\" \/>\n<meta name=\"twitter:label1\" content=\"Dur\u00e9e de lecture estim\u00e9e\" \/>\n\t<meta name=\"twitter:data1\" content=\"2 minutes\" \/>\n<script type=\"application\/ld+json\" class=\"yoast-schema-graph\">{\"@context\":\"https:\/\/schema.org\",\"@graph\":[{\"@type\":\"WebPage\",\"@id\":\"https:\/\/lacremaillere-taninges.fr\/?page_id=1363\",\"url\":\"https:\/\/lacremaillere-taninges.fr\/?page_id=1363\",\"name\":\"a propos - LaCremaillereTaninges\",\"isPartOf\":{\"@id\":\"https:\/\/lacremaillere-taninges.fr\/#website\"},\"primaryImageOfPage\":{\"@id\":\"https:\/\/lacremaillere-taninges.fr\/?page_id=1363#primaryimage\"},\"image\":{\"@id\":\"https:\/\/lacremaillere-taninges.fr\/?page_id=1363#primaryimage\"},\"thumbnailUrl\":\"https:\/\/lacremaillere-taninges.fr\/wp-content\/uploads\/2017\/06\/visu_page_reservation_restaurant_laCremaillere_taninges-01-01.jpg\",\"datePublished\":\"2022-10-31T13:44:55+00:00\",\"dateModified\":\"2025-10-01T13:02:33+00:00\",\"breadcrumb\":{\"@id\":\"https:\/\/lacremaillere-taninges.fr\/?page_id=1363#breadcrumb\"},\"inLanguage\":\"fr-FR\",\"potentialAction\":[{\"@type\":\"ReadAction\",\"target\":[\"https:\/\/lacremaillere-taninges.fr\/?page_id=1363\"]}]},{\"@type\":\"ImageObject\",\"inLanguage\":\"fr-FR\",\"@id\":\"https:\/\/lacremaillere-taninges.fr\/?page_id=1363#primaryimage\",\"url\":\"https:\/\/lacremaillere-taninges.fr\/wp-content\/uploads\/2017\/06\/visu_page_reservation_restaurant_laCremaillere_taninges-01-01.jpg\",\"contentUrl\":\"https:\/\/lacremaillere-taninges.fr\/wp-content\/uploads\/2017\/06\/visu_page_reservation_restaurant_laCremaillere_taninges-01-01.jpg\",\"width\":\"3000\",\"height\":\"1875\"},{\"@type\":\"BreadcrumbList\",\"@id\":\"https:\/\/lacremaillere-taninges.fr\/?page_id=1363#breadcrumb\",\"itemListElement\":[{\"@type\":\"ListItem\",\"position\":1,\"name\":\"Accueil\",\"item\":\"https:\/\/lacremaillere-taninges.fr\/\"},{\"@type\":\"ListItem\",\"position\":2,\"name\":\"a propos\"}]},{\"@type\":\"WebSite\",\"@id\":\"https:\/\/lacremaillere-taninges.fr\/#website\",\"url\":\"https:\/\/lacremaillere-taninges.fr\/\",\"name\":\"LaCremaillereTaninges\",\"description\":\"Bar, Restaurant \u00e0 Taninges\",\"potentialAction\":[{\"@type\":\"SearchAction\",\"target\":{\"@type\":\"EntryPoint\",\"urlTemplate\":\"https:\/\/lacremaillere-taninges.fr\/?s={search_term_string}\"},\"query-input\":{\"@type\":\"PropertyValueSpecification\",\"valueRequired\":true,\"valueName\":\"search_term_string\"}}],\"inLanguage\":\"fr-FR\"}]}<\/script>\n<!-- \/ Yoast SEO plugin. -->","yoast_head_json":{"title":"a propos - LaCremaillereTaninges","robots":{"index":"index","follow":"follow","max-snippet":"max-snippet:-1","max-image-preview":"max-image-preview:large","max-video-preview":"max-video-preview:-1"},"canonical":"https:\/\/lacremaillere-taninges.fr\/?page_id=1363","og_locale":"fr_FR","og_type":"article","og_title":"a propos - LaCremaillereTaninges","og_description":"...","og_url":"https:\/\/lacremaillere-taninges.fr\/?page_id=1363","og_site_name":"LaCremaillereTaninges","article_modified_time":"2025-10-01T13:02:33+00:00","og_image":[{"width":3000,"height":1875,"url":"https:\/\/lacremaillere-taninges.fr\/wp-content\/uploads\/2017\/06\/visu_page_reservation_restaurant_laCremaillere_taninges-01-01.jpg","type":"image\/jpeg"}],"twitter_card":"summary_large_image","twitter_misc":{"Dur\u00e9e de lecture estim\u00e9e":"2 minutes"},"schema":{"@context":"https:\/\/schema.org","@graph":[{"@type":"WebPage","@id":"https:\/\/lacremaillere-taninges.fr\/?page_id=1363","url":"https:\/\/lacremaillere-taninges.fr\/?page_id=1363","name":"a propos - LaCremaillereTaninges","isPartOf":{"@id":"https:\/\/lacremaillere-taninges.fr\/#website"},"primaryImageOfPage":{"@id":"https:\/\/lacremaillere-taninges.fr\/?page_id=1363#primaryimage"},"image":{"@id":"https:\/\/lacremaillere-taninges.fr\/?page_id=1363#primaryimage"},"thumbnailUrl":"https:\/\/lacremaillere-taninges.fr\/wp-content\/uploads\/2017\/06\/visu_page_reservation_restaurant_laCremaillere_taninges-01-01.jpg","datePublished":"2022-10-31T13:44:55+00:00","dateModified":"2025-10-01T13:02:33+00:00","breadcrumb":{"@id":"https:\/\/lacremaillere-taninges.fr\/?page_id=1363#breadcrumb"},"inLanguage":"fr-FR","potentialAction":[{"@type":"ReadAction","target":["https:\/\/lacremaillere-taninges.fr\/?page_id=1363"]}]},{"@type":"ImageObject","inLanguage":"fr-FR","@id":"https:\/\/lacremaillere-taninges.fr\/?page_id=1363#primaryimage","url":"https:\/\/lacremaillere-taninges.fr\/wp-content\/uploads\/2017\/06\/visu_page_reservation_restaurant_laCremaillere_taninges-01-01.jpg","contentUrl":"https:\/\/lacremaillere-taninges.fr\/wp-content\/uploads\/2017\/06\/visu_page_reservation_restaurant_laCremaillere_taninges-01-01.jpg","width":"3000","height":"1875"},{"@type":"BreadcrumbList","@id":"https:\/\/lacremaillere-taninges.fr\/?page_id=1363#breadcrumb","itemListElement":[{"@type":"ListItem","position":1,"name":"Accueil","item":"https:\/\/lacremaillere-taninges.fr\/"},{"@type":"ListItem","position":2,"name":"a propos"}]},{"@type":"WebSite","@id":"https:\/\/lacremaillere-taninges.fr\/#website","url":"https:\/\/lacremaillere-taninges.fr\/","name":"LaCremaillereTaninges","description":"Bar, Restaurant \u00e0 Taninges","potentialAction":[{"@type":"SearchAction","target":{"@type":"EntryPoint","urlTemplate":"https:\/\/lacremaillere-taninges.fr\/?s={search_term_string}"},"query-input":{"@type":"PropertyValueSpecification","valueRequired":true,"valueName":"search_term_string"}}],"inLanguage":"fr-FR"}]}},"_links":{"self":[{"href":"https:\/\/lacremaillere-taninges.fr\/index.php?rest_route=\/wp\/v2\/pages\/1363","targetHints":{"allow":["GET"]}}],"collection":[{"href":"https:\/\/lacremaillere-taninges.fr\/index.php?rest_route=\/wp\/v2\/pages"}],"about":[{"href":"https:\/\/lacremaillere-taninges.fr\/index.php?rest_route=\/wp\/v2\/types\/page"}],"author":[{"embeddable":true,"href":"https:\/\/lacremaillere-taninges.fr\/index.php?rest_route=\/wp\/v2\/users\/1"}],"replies":[{"embeddable":true,"href":"https:\/\/lacremaillere-taninges.fr\/index.php?rest_route=%2Fwp%2Fv2%2Fcomments&post=1363"}],"version-history":[{"count":12,"href":"https:\/\/lacremaillere-taninges.fr\/index.php?rest_route=\/wp\/v2\/pages\/1363\/revisions"}],"predecessor-version":[{"id":1681,"href":"https:\/\/lacremaillere-taninges.fr\/index.php?rest_route=\/wp\/v2\/pages\/1363\/revisions\/1681"}],"wp:featuredmedia":[{"embeddable":true,"href":"https:\/\/lacremaillere-taninges.fr\/index.php?rest_route=\/wp\/v2\/media\/152"}],"wp:attachment":[{"href":"https:\/\/lacremaillere-taninges.fr\/index.php?rest_route=%2Fwp%2Fv2%2Fmedia&parent=1363"}],"curies":[{"name":"wp","href":"https:\/\/api.w.org\/{rel}","templated":true}]}}